0 = 0. List the prime factors of c.
3, 71
Let g be (14/(-5))/(-5*12/150). Let n be 19 - ((g - -1) + -3). List the prime factors of 12/28 + -1 + 792/n.
2, 7
Let o be 2/(4/(-240)*3). Let i(h) = h**3 + 8*h**2 + 20*h - 16. Let q be i(-7). Let g = o - q. List the prime factors of g.
67
Let y be 3/1 - (-1 - (-56)/8). Let p = y + 289. What are the prime factors of p?
2, 11, 13
What are the prime factors of 13 - ((-6 - -5) + -3120)?
2, 1567
Suppose -5 = 40*f - 35*f, -2*t + 2674 = -4*f. Suppose 2*c = 4*g + 912, 0 = -17*c + 20*c + 5*g - t. List the prime factors of c.
2, 3, 5
Suppose -1156*n = -817*n - 5336538. What are the prime factors of n?
2, 17, 463
Suppose 11*z = -2*d + 14*z + 8, -12 = -4*d + 4*z. List the prime factors of -5 - (10/(1 + d) - 402).
2, 7
Let a(i) = i**3 - 2*i**2 - 6*i + 13. Let u be a(3). Let g(n) = n**3 + 4*n**2 + n + 11. What are the prime factors of g(u)?
11, 13
Let v = -262 + 268. Suppose 5*d - v = -1, d - 1157 = -4*q. What are the prime factors of q?
17
Let q be ((-33)/99)/((-2)/36). Suppose -q*w + 3265 - 643 = 0. What are the prime factors of w?
19, 23
Let y(x) = -71*x**3 + 2*x**2 - 1. Let c be y(-1). Let t = 69 - c. Let s = t - -47. What are the prime factors of s?
2, 11
Let u(c) = -169*c - 1192. List the prime factors of u(-50).
2, 19, 191
Let m be 5*10/(-25)*2. What are the prime factors of (179/m + -3)*(-16)/2?
2, 191
Let m = 5738 - 1720. What are the prime factors of m?
2, 7, 41
Let i be ((-144)/120)/(6/100). Let h(w) = -w**2 - 39*w + 29. What are the prime factors of h(i)?
409
Suppose f + 3*i + 3538 = 2*f, -4*f + 2*i + 14182 = 0. List the prime factors of f.
3547
Let k(v) = 1225*v + 21838. What are the prime factors of k(0)?
2, 61, 179
Suppose o = 12*b - 9*b - 49367, 2*o - 65816 = -4*b. What are the prime factors of b?
3, 5, 1097
Suppose r - 34045 = -218*g + 215*g, 0 = 2*r - 2. What are the prime factors of g?
2, 2837
Suppose -i + 66998 = -61*v + 56*v, 3*v - 134022 = -2*i. List the prime factors of i.
2, 3, 349
Let z = 62 + -27. Suppose 11*l - 1305 + 634 = 0. Suppose -2*y + l = -z. List the prime factors of y.
2, 3
Let r(z) = -z**3 - 83*z**2 - 355*z + 739. List the prime factors of r(-89).
2, 3, 5, 11
Let i(s) = s**2 - 6*s + 7. Suppose 4*t - 7 = 3*o - 21, -3*t + 21 = 3*o. Let g be i(o). List the prime factors of g/(-14)*1698/(-3).
283
Suppose -4*a + 66 = 3*d - 5*d, -a + 4*d = -20. Suppose 4*n - 4*z = -9*z + 47, 0 = 2*n + 5*z - 31. What are the prime factors of (n/a)/(3/186)?
31
Let o be 92/(-6)*3*(-56)/4. Suppose -4*z - o = -d, 617 = d + 4*z + 13. What are the prime factors of d?
2, 3, 13
Suppose -o = 7*m - 8*m + 5985, m - 2*o = 5990. What are the prime factors of m?
2, 5, 13, 23
Suppose -u + 458 = m + u, -u + 1384 = 3*m. Let h = 274 - m. What are the prime factors of (h/(-3))/((-4)/6*-1)?
2, 47
Suppose -2570795 = -25*q - 70*q. What are the prime factors of q?
27061
Suppose -4*y - 6*j + 11 = -5*j, 3*y = 2*j + 11. Let s(c) = 60*c**2 + 13*c - 42. What are the prime factors of s(y)?
3, 179
Let v be (-1)/4 + 26/104. What are the prime factors of 79 + (-3 - v) + -2?
2, 37
Suppose 3*s + 31969 = 20*s - 171011. List the prime factors of s.
2, 3, 5, 199
Suppose 0 = -5*t + 5*s + 15895, -457*s + 9507 = 3*t - 454*s. List the prime factors of t.
2, 3, 23
Let n(f) = -f**3 + 23*f**2 - 24*f - 18. Let k be n(21). Let l = -141 + k. What are the prime factors of l?
3, 73
Let q(s) = 2*s**2 + 59*s - 146. What are the prime factors of q(-55)?
2659
Suppose -28*s = 27331 - 148655. What are the prime factors of s?
7, 619
Suppose -4576 = 177*x - 185*x. Let s = x - 520. What are the prime factors of s?
2, 13
Let q be (-3 + 0)/9 + (-48)/18. Let f be 7 + -8 - (0 + q). Suppose -d + f*a = a - 78, 2*a = 10. List the prime factors of d.
83
Suppose -6*k = -15*k + 216. Suppose k*r - 6500 = -r. What are the prime factors of r?
2, 5, 13
Let a(r) = r**3 - 7*r**2 + 8*r - 10. Let h(d) = 5*d - 3*d + 21 - d**2 + 3 - 3. Let g be h(5). What are the prime factors of a(g)?
2
Suppose -18*d + 55 = -35. Suppose d*n = -5*a + 2545, 0*n - n - 513 = -a. What are the prime factors of a?
7, 73
Let r(q) be the first derivative of -q**3/3 - 13*q**2 - 8*q - 1118. Let f be -21 - (1/(-1) + -1). List the prime factors of r(f).
5
Let i = -859 - -2675. Suppose -x + 12 = 3*b, -649*x + 650*x + 2*b - 12 = 0. List the prime factors of i/14 + x/42.
2, 5, 13
Let i(d) = -3*d**2 + 4*d + 4. Let g be i(5). Let a be ((-210)/28 + 9)*(3 + -2)*94. Let t = a + g. What are the prime factors of t?
2, 3, 5
Suppose 5*a + 19 = 2*j - 0*a, -2*a = j + 4. List the prime factors of ((-6)/j)/(36/(-6756)).
563
Let r(o) = 143*o + 14. Let p be 60/35 + 0 + (-2)/(-7). Let n be r(p). Suppose 0*t + 4*t + n = 4*g, -2*t + 146 = 2*g. List the prime factors of g.
2, 37
Let q(u) = -u**2 + 14*u - 21. Let l(w) = w**3 - 14*w**2 + w - 2. Let v be l(14). Let o be -3 + 1 + -1 + v. What are the prime factors of q(o)?
2, 3
Let m = -98 - -97. List the prime factors of m/(24/(-3237)) + 11/88.
3, 5
Let b(u) = -4*u**2 + 13*u - 7. Let v be b(9). Let n = v - -400. Suppose 0 = -2*p + n - 54. List the prime factors of p.
2, 3, 11
Let w be (-51)/136 - ((-60620)/32)/1. Suppose -w = -2*j - 3*t, -4*t = -5*j - t + 4756. List the prime factors of j.
2, 5, 19
Suppose -k + 986 = -2*c, 5*c + 3*k = 831 - 3318. What are the prime factors of 3 - (c - (0 - -5)) - -3?
2, 11, 23
Let v(q) = 9*q - 17. Suppose -59 = 5*w - 209. Suppose 5*j - 25 - w = 0. What are the prime factors of v(j)?
2, 41
Suppose 24 = 4*z, 1152 = -2*v - 2*z + 9762. List the prime factors of v.
3, 1433
What are the prime factors of 8 + -777*32/(-24)?
2, 3, 29
Suppose -5*b + 2 = 3*q - 13, 0 = -4*q - 20. Let x be -1*b/(-8)*(48 + -44). Suppose -4*g = x*j - 153, 0 = -3*g - j + 25 + 86. List the prime factors of g.
2, 3
What are the prime factors of 6758 - (-5 + 6/(3 + -9) + 0)?
2, 19, 89
Suppose -7*k - 27*k = 0. Suppose -4*t + 368 = j, 2*t - 3 + 7 = k. What are the prime factors of j?
2, 47
Suppose -l + 5*i + 2810 = -511, 16581 = 5*l - i. List the prime factors of l.
2, 829
Suppose 36*y - 27*y = -585. Suppose 7*q = 8*q + 47. Let s = q - y. What are the prime factors of s?
2, 3
Suppose 0 = -10*k + 191797 - 62057. Suppose 0 = 9*x - 22*x + k. What are the prime factors of x?
2, 499
Let o = 87 + -83. Suppose 11*p - 189 = o*p. Let s = p - -59. List the prime factors of s.
2, 43
Let v = -1373 - -941. Let x = v + 910. List the prime factors of x.
2, 239
Suppose 56*q - 223996 + 63388 = 0. List the prime factors of q.
2, 3, 239
Let r = 27601 + -19552. List the prime factors of r.
3, 2683
Let u(f) be the third derivative of 34*f**5/15 - f**4/12 + f**3/6 + 22*f**2. Let n be u(2). Suppose 12*x - 1151 = n. List the prime factors of x.
3, 47
Suppose 109*x - 118*x = -45. Suppose -18*t + 19*t = -2*l + 2614, 0 = l - x*t - 1296. What are the prime factors of l?
2, 653
Suppose 3*s = 4*a + 5*s - 8, -4*s = 3*a - 1. List the prime factors of 2/a*(-13461)/(-14).
641
Let o be 1 + (0 - 1110/(-6)) + 2. Suppose 0*r = -3*r - 300. Let t = o + r. List the prime factors of t.
2, 11
Let h = 456 - 457. List the prime factors of 4 - (h + -1081 - (-1 + 0)).
5, 7, 31
Suppose 71*q - 217056 = 20*q. What are the prime factors of q?
2, 7, 19
Let v = -201 + 235. What are the prime factors of (-73 + 69)*-4*v?
2, 17
Let b be 0*2/(-4) - (-111 - -104). List the prime factors of (8 + (-35)/b)*123.
3, 41
Suppose 0 = 4*a - 2 - 34. Let y(d) = d**3 - 11*d**2 + 25*d + 4. List the prime factors of y(a).
67
Suppose 47*l - 42*l = -6965. Let t = l + 2213. What are the prime factors of t?
2, 5, 41
Suppose 148051 + 2877797 = 166*a. List the prime factors of a.
2, 3, 7, 31
Let v = 563 - 335. Suppose -117 = 2*h + k + 12, -3*h - 2*k - 191 = 0. Let b = v + h. What are the prime factors of b?
7, 23
Let m(d) = -10*d**2 + 85*d - 15. Let w(x) = 11*x**2 - 84*x + 13. Let k(r) = -3*m(r) - 2*w(r). What are the prime factors of k(-8)?
3, 409
Suppose 0 = -1457*p + 1431*p + 22724. List the prime factors of p.
2, 19, 23
Suppose 0 = 3*f - 3*j + 6, 2*f + 24*j - 22*j - 12 = 0. Suppose 3*k = 5*p - 2762, -f*p - 19*k + 1102 = -23*k. List the prime factors of p.
7, 79
Let s = 60479 + -17915. What are the prime factors of s?
2, 3, 3547
Let b = -265 + 579. Suppose s - 2*f = 106, -5*s + 2*f = -2*s - b. What are the prime factors of s?
2, 13
Let p = 668 + 5378. Wh